 Let a(r) = r**2 + 7*r - 11. Let k(h) = 2*h**2 + 6*h - 10. Let f(n) = -3*a(n) + 2*k(n). What is the tens digit of f(q)?
7
Let y(w) = 2*w**3 + 31*w**2 + 5*w + 359. What is the hundreds digit of y(16)?
5
Let x(s) = 84*s**2 + 27*s + 147. What is the units digit of x(-23)?
2
Let t(o) be the third derivative of -107*o**4/24 - 41*o**3/3 + 62*o**2. What is the units digit of t(-3)?
9
Let g(p) = 9*p**3 - 15*p**2 + 15*p + 162. What is the units digit of g(8)?
0
Let y be ((-2)/(-10))/(3/1065). Let i = -83 + y. What is the units digit of -276*(2 + -1 + i/8)?
8
Let k(d) = -d. Let l be k(-2). Suppose 0 = v - 5*i + 13, 2*v + 5*i - 23 = -l*v. Suppose -810 = -v*z - 3*z. What is the hundreds digit of z?
1
Let d = 106 - -180. Suppose 2*h + r - 6 = -0, 4*h - 3*r = 22. Suppose -3*t + 5*t = h*a - d, -3*a - 5*t = -208. What is the tens digit of a?
7
Suppose -3*q + 27*y - 29*y + 12756 = 0, -2*q - 3*y = -8509. Suppose b + 3*b = 5*c - q, -4*b - 1712 = -2*c. What is the hundreds digit of c?
8
Let y be (-15 - -1 - -1)/((-27)/(-1215)). Let o = 166 - y. What is the hundreds digit of o?
7
Suppose 3*x - 15 = -s, 11 = x + 2*s + 1. Suppose -8 = 4*m - 2*h, 0*m + 5*h - 8 = x*m. What is the tens digit of (-215)/(-3) - m/6?
7
Suppose y = -2*m + 1541, -3*m + 2*y + 1153 = -1155. Suppose 13*g + g + m = 0. Let z = 63 + g. What is the units digit of z?
8
Suppose 6*j - 2*j - 35397 = -19*j. What is the units digit of j?
9
Suppose -44*m + 24683 = -15005. What is the units digit of m?
2
Let h be 7*52 - (0 - 1). Suppose -172 = w - 2*u, -730*u + 734*u - 178 = w. Let d = h + w. What is the units digit of d?
9
Suppose -2*s = g - 47805, -g - 4*s = -4*g + 143495. What is the thousands digit of g?
7
Suppose -6*i + 211 + 101 = 0. Let o = i - 44. What is the tens digit of 2/8 + 630/o?
7
Suppose 8*i + 5927 = -7161. Let j = i - -2821. What is the tens digit of j?
8
Let x(r) = r**2 - 14*r + 42. Let t be x(50). Let v = t + -930. What is the tens digit of v?
1
Let q(k) be the third derivative of k**6/120 + k**5/10 - k**4/4 + 100*k**2 - 1. Let h = 5 + -1. What is the units digit of q(h)?
6
Let w(n) = 7*n**2 + 10*n - 15. Let f be w(2). Let b = 85 - f. What is the tens digit of b?
5
Let z = 2028 + 4174. What is the units digit of z?
2
Let d = 39959 + 13258. What is the ten thousands digit of d?
5
Let u = 416 - 432. What is the units digit of 8/(-2) + 0 - u*15?
6
Suppose 2*k - 122933 = -7*k + 56995. What is the thousands digit of k?
9
Let w be (-8)/44 + (-1 - 284/11). Let r = 480 + w. What is the tens digit of r?
5
Suppose 3*l + j - 9271 = 0, 25*j = 20*j - 25. What is the hundreds digit of l?
0
Suppose -2*m = -3*v - 13943 - 15954, 4*m = -2*v + 59834. What is the units digit of m?
6
Let f(x) = -5*x**2 + 15*x + 14. Let s be f(4). What is the units digit of 231/3 - (s - -7)*-3?
0
Suppose 0 = -4*q - 3*p + 67265 + 16028, 104155 = 5*q - 4*p. What is the tens digit of q?
2
Let p = 346 - 188. Let t = p - -1498. What is the tens digit of t?
5
Let c(i) = 12*i**3 + 17*i**2 - 27*i - 17. What is the hundreds digit of c(10)?
4
Suppose 18 + 6 = -4*t. Let d be (2 - (-2)/2) + 1. What is the units digit of d/(-12)*t + 12?
4
Let p = 360 - 366. What is the hundreds digit of 878*p/(-24)*(-2 + 4)?
4
What is the units digit of (825/(-60) - -13) + (-27710)/(-8)?
3
Let n(q) = -q**2 - 19*q - 10. Let o be ((-36)/(-45))/((-2)/20). What is the units digit of n(o)?
8
Let y = -1605 + 2322. Let o(a) = 19*a + 1601. Let g be o(-84). Suppose -3*v + 564 = g*t, 5*t = 7*v - 3*v - y. What is the hundreds digit of v?
1
Let p(b) = -53*b + 4. Let m be p(-5). Let z be ((-4)/(-10))/((-6)/(-105)). Suppose 60 = z*l - m. What is the tens digit of l?
4
Let m(p) = 4*p**2 + 175*p + 506. What is the hundreds digit of m(-58)?
8
Let k = 109 + -213. Let w = 525 + k. What is the units digit of w?
1
Suppose -6*p + 5352 = -3360. Let r = 2706 - p. Suppose 154 = -11*o + r. What is the units digit of o?
0
Suppose 5*m - m = -48. What is the units digit of m/150*-20*(-250)/(-4)?
0
Suppose 17382 - 3774 = g + x, -5*x - 68060 = -5*g. What is the tens digit of g?
1
Suppose 6*z - 15 = 3*z. Suppose -3*x + 1610 = z*d, 0 = -2*x + 3*x + 2*d - 535. Suppose -g - 4*f = -6*g + x, 3*g + 5*f = 290. What is the hundreds digit of g?
1
Let b be (-6)/8 + (-46778)/(-152). Suppose b = r - 137. What is the hundreds digit of r?
4
Suppose -4*q - 7*s + 1323 = -2*s, 0 = 3*q + 5*s - 991. Let m be q/56*94 + (-2)/7. Suppose 53 - m = -7*h. What is the units digit of h?
2
Let n = -11 - 55. Let y = 384 + n. What is the hundreds digit of y?
3
Let l(x) = x**3 + x**2 - 227. Let h be l(0). Let g = h - -386. Let c = -53 + g. What is the units digit of c?
6
Let w = -5547 + 8131. What is the tens digit of w?
8
Let q = -56463 - -81398. What is the tens digit of q?
3
Let a = -3734 - -6066. Suppose 4*s - 5*k = 162 + 4547, -2*s + a = 2*k. What is the hundreds digit of s?
1
Let q = 16942 - -8286. What is the hundreds digit of q?
2
Let m(s) = -2*s**3 + 2*s**2 - 2*s - 11. Let w be m(4). What is the hundreds digit of w/20 - -5 - (-2731)/4?
6
Let r(n) = 622*n - 3510. What is the tens digit of r(20)?
3
Let d(r) = 4*r**2 + 127*r + 812. Let b be d(-9). Let a(w) = w**2 + 7*w + 9*w**2 - 6 + w**3 - 3*w. What is the hundreds digit of a(b)?
1
Suppose 0 = -3*v - 5*b + 52, 28 = 2*v - 7*b + 9*b. Suppose -3*p + 0*p + v = 0, 0 = 3*n + p - 5217. What is the thousands digit of n?
1
Let j(l) = l**3 + 26*l**2 + 10. Let u be (-4)/(-5 + 4 + 0). Let x be (-14 + (u - 3))/(4/8). What is the tens digit of j(x)?
1
Let j = 100 - 100. Suppose -6*l = -2*l + 3*o - 147, -l + 4*o + 51 = j. What is the units digit of l?
9
Let a = 53 - 50. Suppose 96 = 2*x + a*z, 2*x - 45 = -2*z + 47. What is the tens digit of x/((-3)/4*6/(-12))?
1
Suppose 0*t + 2*t - 3*k = 59, 3*k = 5*t - 152. Suppose 0 = -32*v + 26*v + 78. Suppose -t = -14*l + v*l. What is the tens digit of l?
3
Let l = -33769 - -56141. What is the tens digit of l?
7
Let d be (3438 - -2) + 3/1. Suppose 0 = -9*i + d - 590. What is the units digit of i?
7
Let l be ((-9)/(-12))/((-12)/(-32)). Suppose 4*y = 3*g, g + 10 = 2*g + l*y. Suppose t + 3*f = 61, -375 = -5*t + 3*f - g*f. What is the tens digit of t?
7
Let z(u) = 49*u**3 + 2*u**2 - 4. Let x = 12 - 10. Let n be z(x). Let o = n + -231. What is the tens digit of o?
6
Let i(y) = -2*y**2 - 21*y + 13. Let w be i(-11). Suppose l = -a + 850, -a = -w*l - 505 - 339. What is the units digit of a?
8
Let f = 19 - 3. Let d = f + -19. What is the tens digit of (16/d)/(((-1)/(-9))/(-1))?
4
Let x(n) = 69*n**2 - 1. Let s be x(1). Let u = -37 + s. Suppose -27*o - 348 = -u*o. What is the tens digit of o?
8
Let g = 1142 + -1157. Let l be (-1 + -1)/((-3)/3). What is the tens digit of (-6)/(-4)*((-1180)/g)/l?
5
Let k = -4156 + 6582. What is the units digit of k?
6
Let z(k) = 2834*k**2 - 4*k + 4. Let l be z(1). Let r = l + -1952. What is the units digit of r?
2
Let w be (-10)/(-15)*15/10. What is the tens digit of (4 + -3)/w*194?
9
Let n be 27/5 + 2/(-5). Let c(b) = -54 + 19*b - 48 + 198 - 51 - 52. What is the units digit of c(n)?
8
Suppose 31*w - 35*w - 2*p + 205642 = 0, -w + 51410 = p. What is the ten thousands digit of w?
5
Let t(n) = -n - 4. Let m be t(2). Let l be (7/(-21))/(1/m). What is the tens digit of (69/l)/((-24)/(-144))?
0
Let c = -375 - -547. Suppose -8*a = -4*a - c. Suppose a - 65 = -b. What is the tens digit of b?
2
Let g = 78 - 80. Let o be -303 + 1 + -1 + g. What is the hundreds digit of (-3 - -4)/(0 - 1/o)?
3
Let j(n) = 8*n**3 - 2*n**2 - 23*n + 15. Let l be j(7). Suppose -12*w - 5*h = -7*w - 3125, 4*w - l = -2*h. What is the units digit of w?
5
Let o = 35209 + -11338. What is the hundreds digit of o?
8
Let r = -35 - -37. Suppose -3*u + 2*n = -559, r*u + 145 = -n + 527. Let h = -93 + u. What is the units digit of h?
6
Let s = 1889 + -1129. Suppose -s - 2622 = -5*z - 4*i, -668 = -z - 5*i. What is the tens digit of z?
7
Let p(h) = 4*h**3 + 12*h**2 - 10*h - 2. Let d(y) = -5*y**3 - 12*y**2 + 9*y + 4. Let z(v) = 5*d(v) + 6*p(v). What is the hundreds digit of z(7)?
1
Suppose -16*x = -46*x + 16*x + 100310. What is the thousands digit of x?
7
Let q = 18 + 679. Let p = q + 137. What is the hundreds digit of p?
8
Let a = -521 - -264. Let w = a + 464. Suppose 0 = -4*x - 12, 3*x - w = -2*d - 2*x. What is the hundreds digit of d?
1
Suppose -3*d + 3887 = -